{"id":49612,"date":"2025-05-08T16:09:07","date_gmt":"2025-05-08T15:09:07","guid":{"rendered":"https:\/\/www.akehedman.se\/wordpress\/?page_id=49612"},"modified":"2025-05-08T16:09:07","modified_gmt":"2025-05-08T15:09:07","slug":"vscp","status":"publish","type":"page","link":"https:\/\/www.akehedman.se\/wordpress\/?page_id=49612","title":{"rendered":"VSCP"},"content":{"rendered":"\n<figure class=\"wp-block-image size-full\"><img data-recalc-dims=\"1\" loading=\"lazy\" decoding=\"async\" width=\"580\" height=\"522\" src=\"https:\/\/i0.wp.com\/www.akehedman.se\/wordpress\/wp-content\/uploads\/2025\/05\/vscp_logo_text_box_600.png?resize=580%2C522&#038;ssl=1\" alt=\"\" class=\"wp-image-49613\" srcset=\"https:\/\/i0.wp.com\/www.akehedman.se\/wordpress\/wp-content\/uploads\/2025\/05\/vscp_logo_text_box_600.png?w=600&amp;ssl=1 600w, https:\/\/i0.wp.com\/www.akehedman.se\/wordpress\/wp-content\/uploads\/2025\/05\/vscp_logo_text_box_600.png?resize=300%2C270&amp;ssl=1 300w\" sizes=\"auto, (max-width: 580px) 100vw, 580px\" \/><\/figure>\n\n\n\n<p class=\"wp-block-paragraph\">Jag har sysslat med m\u00e5nga projekt i mitt liv. Men <strong>VSCP<\/strong> (<em>Very Simple Control Protocol<\/em>) \u00e4r det l\u00e4ngsta projektet. Startat h\u00f6sten 2000 och fortfarande p\u00e5g\u00e5ende. N\u00e4r detta skrivs har projektet allts\u00e5 snurrat i  snart ett kvarts sekel. M\u00e5\u00e5\u00e5\u00e5\u00e5nga timmar.<\/p>\n\n\n\n<p class=\"wp-block-paragraph\">Jag \u00e4r maintainer av projektet sedan start.<\/p>\n\n\n\n<p class=\"wp-block-paragraph\">Mer om VSCP finns att l\u00e4sa <a href=\"https:\/\/vscp.org\">h\u00e4r<\/a>.<\/p>\n\n\n\n<p class=\"wp-block-paragraph\"><\/p>\n","protected":false},"excerpt":{"rendered":"<p>Jag har sysslat med m\u00e5nga projekt i mitt liv. Men VSCP (Very Simple Control Protocol) \u00e4r det l\u00e4ngsta projektet. Startat h\u00f6sten 2000 och fortfarande p\u00e5g\u00e5ende. N\u00e4r detta skrivs har projektet allts\u00e5 snurrat i snart ett kvarts sekel. M\u00e5\u00e5\u00e5\u00e5\u00e5nga timmar. Jag \u00e4r maintainer av projektet sedan start. Mer om VSCP finns att l\u00e4sa h\u00e4r.<\/p>\n","protected":false},"author":24,"featured_media":0,"parent":0,"menu_order":0,"comment_status":"closed","ping_status":"closed","template":"","meta":{"_crdt_document":"","jetpack_post_was_ever_published":false,"footnotes":""},"class_list":["post-49612","page","type-page","status-publish","hentry"],"jetpack_sharing_enabled":true,"jetpack_likes_enabled":true,"jetpack-related-posts":[{"id":2,"url":"https:\/\/www.akehedman.se\/wordpress\/?page_id=2","url_meta":{"origin":49612,"position":0},"title":"Om mig","author":"\u00c5ke Hedman","date":"2006-04-26","format":false,"excerpt":"Foto: Venture Cup Swedish Om du vill n\u00e5 mig finns jag h\u00e4r akhe@grodansparadis.com Jag \u00e4r bara \u00e4nnu en helt vanlig programmerare i v\u00e4rlden. D\u00e4rf\u00f6r YAP, Yet Another Programmer. Ingen m\u00e4rkv\u00e4rdigt person, inga fina titlar, trof\u00e9er eller n\u00e5got annat speciellt sp\u00e4nnande. Sorry! Leta n\u00e5gon annanstans. Jag g\u00f6r lite musik och skriver\u2026","rel":"","context":"With 3 comments","block_context":{"text":"With 3 comments","link":"https:\/\/www.akehedman.se\/wordpress\/?page_id=2#comments"},"img":{"alt_text":"6498435259_9875422fc2_m","src":"https:\/\/i0.wp.com\/www.akehedman.se\/wordpress\/wp-content\/uploads\/2006\/04\/6498435259_9875422fc2_m.jpg?resize=350%2C200","width":350,"height":200},"classes":[]},{"id":22035,"url":"https:\/\/www.akehedman.se\/wordpress\/?page_id=22035","url_meta":{"origin":49612,"position":1},"title":"Press","author":"\u00c5ke Hedman","date":"2016-11-01","format":false,"excerpt":"Det var meningen att jag skulle samla pressklipp h\u00e4r fr\u00e5n det som h\u00e4nt genom \u00e5ren. Men har inte riktigt orkat scanna in och kommer nog aldrig orka g\u00f6ra det heller. Det mesta har \u00e4nd\u00e5 hamnat i papperskorgen. Men h\u00e4r \u00e4r n\u00e5gra grejer. Kanske kommer det mer... kanske inte... Elektroniktidningen 2025\u2026","rel":"","context":"Similar post","block_context":{"text":"Similar post","link":""},"img":{"alt_text":"","src":"https:\/\/i0.wp.com\/www.akehedman.se\/wordpress\/wp-content\/uploads\/2025\/10\/elektroniktidningen-front-scaled.jpg?resize=350%2C200&ssl=1","width":350,"height":200,"srcset":"https:\/\/i0.wp.com\/www.akehedman.se\/wordpress\/wp-content\/uploads\/2025\/10\/elektroniktidningen-front-scaled.jpg?resize=350%2C200&ssl=1 1x, https:\/\/i0.wp.com\/www.akehedman.se\/wordpress\/wp-content\/uploads\/2025\/10\/elektroniktidningen-front-scaled.jpg?resize=525%2C300&ssl=1 1.5x, https:\/\/i0.wp.com\/www.akehedman.se\/wordpress\/wp-content\/uploads\/2025\/10\/elektroniktidningen-front-scaled.jpg?resize=700%2C400&ssl=1 2x, https:\/\/i0.wp.com\/www.akehedman.se\/wordpress\/wp-content\/uploads\/2025\/10\/elektroniktidningen-front-scaled.jpg?resize=1050%2C600&ssl=1 3x, https:\/\/i0.wp.com\/www.akehedman.se\/wordpress\/wp-content\/uploads\/2025\/10\/elektroniktidningen-front-scaled.jpg?resize=1400%2C800&ssl=1 4x"},"classes":[]},{"id":22031,"url":"https:\/\/www.akehedman.se\/wordpress\/?page_id=22031","url_meta":{"origin":49612,"position":2},"title":"Skrivet","author":"\u00c5ke Hedman","date":"2016-11-01","format":false,"excerpt":"Skrivet Att kalla det h\u00e4r b\u00f6cker \u00e4r kanske f\u00f6r pretenti\u00f6st men skrivet material \u00e4r det lika fullt. Det mesta skrivet p\u00e5 en kafferast eller under en hj\u00e4rnpaus som ett avbrott fr\u00e5n programmerandet av inb\u00e4ddade system som \u00e4r min egentliga syssla i f\u00f6retaget Grodans Paradis AB. Mycket \u00e4r h\u00e4mtat fr\u00e5n min\u2026","rel":"","context":"Similar post","block_context":{"text":"Similar post","link":""},"img":{"alt_text":"","src":"","width":0,"height":0},"classes":[]},{"id":22033,"url":"https:\/\/www.akehedman.se\/wordpress\/?page_id=22033","url_meta":{"origin":49612,"position":3},"title":"Musik","author":"\u00c5ke Hedman","date":"2016-11-01","format":false,"excerpt":"Jag har gjort en hel del \"musik\". En del g\u00e5r att lyssna p\u00e5 nedan. Spotify\u00a0 - https:\/\/open.spotify.com\/artist\/1McJlk2r0wjhhl1ZOvoMygApple music - https:\/\/music.apple.com\/se\/artist\/%C3%A5ke-hedman\/1290135154 SoundCloud - https:\/\/soundcloud.com\/hedman Youtube - https:\/\/www.youtube.com\/channel\/UCj8D5149lvAfk6N-NBIaW9Q Jag uppdaterar ocks\u00e5 H\u00e4lsingetoppen varje fredag.","rel":"","context":"Similar post","block_context":{"text":"Similar post","link":""},"img":{"alt_text":"","src":"","width":0,"height":0},"classes":[]}],"jetpack_shortlink":"https:\/\/wp.me\/P68PL2-cUc","_links":{"self":[{"href":"https:\/\/www.akehedman.se\/wordpress\/index.php?rest_route=\/wp\/v2\/pages\/49612","targetHints":{"allow":["GET"]}}],"collection":[{"href":"https:\/\/www.akehedman.se\/wordpress\/index.php?rest_route=\/wp\/v2\/pages"}],"about":[{"href":"https:\/\/www.akehedman.se\/wordpress\/index.php?rest_route=\/wp\/v2\/types\/page"}],"author":[{"embeddable":true,"href":"https:\/\/www.akehedman.se\/wordpress\/index.php?rest_route=\/wp\/v2\/users\/24"}],"replies":[{"embeddable":true,"href":"https:\/\/www.akehedman.se\/wordpress\/index.php?rest_route=%2Fwp%2Fv2%2Fcomments&post=49612"}],"version-history":[{"count":1,"href":"https:\/\/www.akehedman.se\/wordpress\/index.php?rest_route=\/wp\/v2\/pages\/49612\/revisions"}],"predecessor-version":[{"id":49614,"href":"https:\/\/www.akehedman.se\/wordpress\/index.php?rest_route=\/wp\/v2\/pages\/49612\/revisions\/49614"}],"wp:attachment":[{"href":"https:\/\/www.akehedman.se\/wordpress\/index.php?rest_route=%2Fwp%2Fv2%2Fmedia&parent=49612"}],"curies":[{"name":"wp","href":"https:\/\/api.w.org\/{rel}","templated":true}]}}