{"id":22035,"date":"2016-11-01T23:20:58","date_gmt":"2016-11-01T22:20:58","guid":{"rendered":"http:\/\/www.akehedman.se\/wordpress\/?page_id=22035"},"modified":"2025-10-28T09:49:15","modified_gmt":"2025-10-28T08:49:15","slug":"press","status":"publish","type":"page","link":"https:\/\/www.akehedman.se\/wordpress\/?page_id=22035","title":{"rendered":"Press"},"content":{"rendered":"\n<p class=\"wp-block-paragraph\">Det var meningen att jag skulle samla pressklipp h\u00e4r fr\u00e5n det som h\u00e4nt genom \u00e5ren. Men har inte riktigt orkat scanna in och kommer nog aldrig orka g\u00f6ra det heller. Det mesta har \u00e4nd\u00e5 hamnat i papperskorgen. Men h\u00e4r \u00e4r n\u00e5gra grejer. Kanske kommer det mer&#8230; kanske inte&#8230;<\/p>\n\n\n\n<p class=\"wp-block-paragraph\"><a href=\"https:\/\/etn.se\/index.php\/intervju\/72558-han-har-patat-med-sitt-kontrollprotokoll-i-25-ar.html\" data-type=\"link\" data-id=\"https:\/\/etn.se\/index.php\/intervju\/72558-han-har-patat-med-sitt-kontrollprotokoll-i-25-ar.html\">Elektroniktidningen 2025<\/a><\/p>\n\n\n\n<figure class=\"wp-block-image size-large\"><img data-recalc-dims=\"1\" loading=\"lazy\" decoding=\"async\" width=\"580\" height=\"435\" src=\"https:\/\/i0.wp.com\/www.akehedman.se\/wordpress\/wp-content\/uploads\/2025\/10\/elektroniktidningen-front.jpg?resize=580%2C435&#038;ssl=1\" alt=\"\" class=\"wp-image-50627\" srcset=\"https:\/\/i0.wp.com\/www.akehedman.se\/wordpress\/wp-content\/uploads\/2025\/10\/elektroniktidningen-front-scaled.jpg?resize=1024%2C768&amp;ssl=1 1024w, https:\/\/i0.wp.com\/www.akehedman.se\/wordpress\/wp-content\/uploads\/2025\/10\/elektroniktidningen-front-scaled.jpg?resize=300%2C225&amp;ssl=1 300w, https:\/\/i0.wp.com\/www.akehedman.se\/wordpress\/wp-content\/uploads\/2025\/10\/elektroniktidningen-front-scaled.jpg?resize=768%2C576&amp;ssl=1 768w, https:\/\/i0.wp.com\/www.akehedman.se\/wordpress\/wp-content\/uploads\/2025\/10\/elektroniktidningen-front-scaled.jpg?resize=1536%2C1152&amp;ssl=1 1536w, https:\/\/i0.wp.com\/www.akehedman.se\/wordpress\/wp-content\/uploads\/2025\/10\/elektroniktidningen-front-scaled.jpg?resize=2048%2C1536&amp;ssl=1 2048w, https:\/\/i0.wp.com\/www.akehedman.se\/wordpress\/wp-content\/uploads\/2025\/10\/elektroniktidningen-front-scaled.jpg?resize=1200%2C900&amp;ssl=1 1200w, https:\/\/i0.wp.com\/www.akehedman.se\/wordpress\/wp-content\/uploads\/2025\/10\/elektroniktidningen-front-scaled.jpg?resize=1980%2C1485&amp;ssl=1 1980w, https:\/\/i0.wp.com\/www.akehedman.se\/wordpress\/wp-content\/uploads\/2025\/10\/elektroniktidningen-front-scaled.jpg?w=1740&amp;ssl=1 1740w\" sizes=\"auto, (max-width: 580px) 100vw, 580px\" \/><\/figure>\n\n\n\n<figure class=\"wp-block-image size-large\"><img data-recalc-dims=\"1\" loading=\"lazy\" decoding=\"async\" width=\"580\" height=\"435\" src=\"https:\/\/i0.wp.com\/www.akehedman.se\/wordpress\/wp-content\/uploads\/2025\/10\/elektroniktidningen.jpg?resize=580%2C435&#038;ssl=1\" alt=\"\" class=\"wp-image-50628\" srcset=\"https:\/\/i0.wp.com\/www.akehedman.se\/wordpress\/wp-content\/uploads\/2025\/10\/elektroniktidningen-scaled.jpg?resize=1024%2C768&amp;ssl=1 1024w, https:\/\/i0.wp.com\/www.akehedman.se\/wordpress\/wp-content\/uploads\/2025\/10\/elektroniktidningen-scaled.jpg?resize=300%2C225&amp;ssl=1 300w, https:\/\/i0.wp.com\/www.akehedman.se\/wordpress\/wp-content\/uploads\/2025\/10\/elektroniktidningen-scaled.jpg?resize=768%2C576&amp;ssl=1 768w, https:\/\/i0.wp.com\/www.akehedman.se\/wordpress\/wp-content\/uploads\/2025\/10\/elektroniktidningen-scaled.jpg?resize=1536%2C1152&amp;ssl=1 1536w, https:\/\/i0.wp.com\/www.akehedman.se\/wordpress\/wp-content\/uploads\/2025\/10\/elektroniktidningen-scaled.jpg?resize=2048%2C1536&amp;ssl=1 2048w, https:\/\/i0.wp.com\/www.akehedman.se\/wordpress\/wp-content\/uploads\/2025\/10\/elektroniktidningen-scaled.jpg?resize=1200%2C900&amp;ssl=1 1200w, https:\/\/i0.wp.com\/www.akehedman.se\/wordpress\/wp-content\/uploads\/2025\/10\/elektroniktidningen-scaled.jpg?resize=1980%2C1485&amp;ssl=1 1980w, https:\/\/i0.wp.com\/www.akehedman.se\/wordpress\/wp-content\/uploads\/2025\/10\/elektroniktidningen-scaled.jpg?w=1740&amp;ssl=1 1740w\" sizes=\"auto, (max-width: 580px) 100vw, 580px\" \/><\/figure>\n\n\n\n<p class=\"wp-block-paragraph\"><a href=\"https:\/\/www.ht.se\/2022-08-20\/ake-tar-fram-topplista-for-halsingemusik--hanger-pa-att-folk-tipsar\">https:\/\/www.ht.se\/2022-08-20\/ake-tar-fram-topplista-for-halsingemusik&#8211;hanger-pa-att-folk-tipsar<\/a><\/p>\n\n\n\n<p class=\"wp-block-paragraph\"><a href=\"https:\/\/www.helahalsingland.se\/artikel\/ake-hedman-vann-far-kanna-sig-som-miljonar-for-en-dag\">https:\/\/www.helahalsingland.se\/artikel\/ake-hedman-vann-far-kanna-sig-som-miljonar-for-en-dag<\/a><\/p>\n\n\n\n<p class=\"wp-block-paragraph\"><a href=\"https:\/\/www.helahalsingland.se\/artikel\/nu-ar-det-bara-att-flina-och-vara-glad\">https:\/\/www.helahalsingland.se\/artikel\/nu-ar-det-bara-att-flina-och-vara-glad<\/a><\/p>\n\n\n\n<p class=\"wp-block-paragraph\"><a href=\"https:\/\/www.helahalsingland.se\/artikel\/kronika-den-vackraste-sangen\">https:\/\/www.helahalsingland.se\/artikel\/kronika-den-vackraste-sangen<\/a><\/p>\n\n\n\n<p class=\"wp-block-paragraph\"><a href=\"https:\/\/www.helahalsingland.se\/artikel\/en-sittkissares-bekannelse\">https:\/\/www.helahalsingland.se\/artikel\/en-sittkissares-bekannelse<\/a><\/p>\n\n\n\n<figure class=\"wp-block-image size-large\"><img data-recalc-dims=\"1\" loading=\"lazy\" decoding=\"async\" width=\"580\" height=\"378\" src=\"https:\/\/i0.wp.com\/www.akehedman.se\/wordpress\/wp-content\/uploads\/2021\/08\/Screenshot-from-2021-08-24-15-36-45-1.png?resize=580%2C378&#038;ssl=1\" alt=\"\" class=\"wp-image-39722\" srcset=\"https:\/\/i0.wp.com\/www.akehedman.se\/wordpress\/wp-content\/uploads\/2021\/08\/Screenshot-from-2021-08-24-15-36-45-1.png?resize=1024%2C668&amp;ssl=1 1024w, https:\/\/i0.wp.com\/www.akehedman.se\/wordpress\/wp-content\/uploads\/2021\/08\/Screenshot-from-2021-08-24-15-36-45-1.png?resize=300%2C196&amp;ssl=1 300w, https:\/\/i0.wp.com\/www.akehedman.se\/wordpress\/wp-content\/uploads\/2021\/08\/Screenshot-from-2021-08-24-15-36-45-1.png?resize=768%2C501&amp;ssl=1 768w, https:\/\/i0.wp.com\/www.akehedman.se\/wordpress\/wp-content\/uploads\/2021\/08\/Screenshot-from-2021-08-24-15-36-45-1.png?resize=1200%2C783&amp;ssl=1 1200w, https:\/\/i0.wp.com\/www.akehedman.se\/wordpress\/wp-content\/uploads\/2021\/08\/Screenshot-from-2021-08-24-15-36-45-1.png?w=1243&amp;ssl=1 1243w\" sizes=\"auto, (max-width: 580px) 100vw, 580px\" \/><\/figure>\n\n\n\n<h2 class=\"wp-block-heading\">VSCP<\/h2>\n\n\n\n<figure class=\"wp-block-embed is-type-wp-embed is-provider-electronics-for-you-official-site-electronicsforu-com wp-block-embed-electronics-for-you-official-site-electronicsforu-com\"><div class=\"wp-block-embed__wrapper\">\n<blockquote class=\"wp-embedded-content\" data-secret=\"xotz3HjLxp\"><a href=\"https:\/\/www.electronicsforu.com\/technology-trends\/tech-focus\/internet-things-protocols-landscape\">Internet of Things: The Protocols Landscape<\/a><\/blockquote><iframe loading=\"lazy\" class=\"wp-embedded-content\" sandbox=\"allow-scripts\" security=\"restricted\" style=\"position: absolute; visibility: hidden;\" title=\"&#8220;Internet of Things: The Protocols Landscape&#8221; &#8212; Electronics For You \u2013 Official Site ElectronicsForU.com\" src=\"https:\/\/www.electronicsforu.com\/technology-trends\/tech-focus\/internet-things-protocols-landscape\/embed#?secret=yfk5UZK9wT#?secret=xotz3HjLxp\" data-secret=\"xotz3HjLxp\" width=\"580\" height=\"327\" frameborder=\"0\" marginwidth=\"0\" marginheight=\"0\" scrolling=\"no\"><\/iframe>\n<\/div><\/figure>\n\n\n\n<figure class=\"wp-block-embed is-type-wp-embed is-provider-cnx-software-embedded-systems-news wp-block-embed-cnx-software-embedded-systems-news\"><div class=\"wp-block-embed__wrapper\">\n<blockquote class=\"wp-embedded-content\" data-secret=\"gl3T8no6um\"><a href=\"https:\/\/www.cnx-software.com\/2021\/01\/06\/open-source-vscp-iot-m2m-automation-framework-supports-arduino-raspberry-pi\/\">Open-source VSCP IoT\/M2M automation framework supports Arduino, Raspberry Pi<\/a><\/blockquote><iframe loading=\"lazy\" class=\"wp-embedded-content\" sandbox=\"allow-scripts\" security=\"restricted\" style=\"position: absolute; visibility: hidden;\" title=\"&#8220;Open-source VSCP IoT\/M2M automation framework supports Arduino, Raspberry Pi&#8221; &#8212; CNX Software - Embedded Systems News\" src=\"https:\/\/www.cnx-software.com\/2021\/01\/06\/open-source-vscp-iot-m2m-automation-framework-supports-arduino-raspberry-pi\/embed\/#?secret=6FTylxJKYx#?secret=gl3T8no6um\" data-secret=\"gl3T8no6um\" width=\"580\" height=\"327\" frameborder=\"0\" marginwidth=\"0\" marginheight=\"0\" scrolling=\"no\"><\/iframe>\n<\/div><\/figure>\n\n\n\n<p class=\"wp-block-paragraph\"><strong>\u00d6ppna IoT-protokollet n\u00e5r version 1.0.0<\/strong><\/p>\n\n\n\n<p class=\"wp-block-paragraph\"><a href=\"https:\/\/etn.se\/index.php\/nyheter\/60241-oeppna-iot-protokollet-nar-version-100.html\">https:\/\/etn.se\/index.php\/nyheter\/60241-oeppna-iot-protokollet-nar-version-100.html<\/a><\/p>\n\n\n\n<p class=\"wp-block-paragraph\"><strong>Prylprotokoll i version 0.4.0<\/strong><\/p>\n\n\n\n<p class=\"wp-block-paragraph\"><a href=\"https:\/\/etn.se\/index.php\/nyheter\/58061-prylprotokoll-i-version-040.html\">https:\/\/etn.se\/index.php\/nyheter\/58061-prylprotokoll-i-version-040.html<\/a><\/p>\n\n\n\n<p class=\"wp-block-paragraph\"><strong>Svenska M2M-protokollet lever \u00e4n<\/strong><\/p>\n\n\n\n<p class=\"wp-block-paragraph\"><a href=\"https:\/\/etn.se\/index.php\/nyheter\/55242-svenska-m2m-protokollet-lever-aen.html\">https:\/\/etn.se\/index.php\/nyheter\/55242-svenska-m2m-protokollet-lever-aen.html<\/a><\/p>\n","protected":false},"excerpt":{"rendered":"<p>Det var meningen att jag skulle samla pressklipp h\u00e4r fr\u00e5n det som h\u00e4nt genom \u00e5ren. Men har inte riktigt orkat scanna in och kommer nog aldrig orka g\u00f6ra det heller. Det mesta har \u00e4nd\u00e5 hamnat i papperskorgen. Men h\u00e4r \u00e4r n\u00e5gra grejer. Kanske kommer det mer&#8230; kanske inte&#8230; Elektroniktidningen 2025 https:\/\/www.ht.se\/2022-08-20\/ake-tar-fram-topplista-for-halsingemusik&#8211;hanger-pa-att-folk-tipsar https:\/\/www.helahalsingland.se\/artikel\/ake-hedman-vann-far-kanna-sig-som-miljonar-for-en-dag https:\/\/www.helahalsingland.se\/artikel\/nu-ar-det-bara-att-flina-och-vara-glad https:\/\/www.helahalsingland.se\/artikel\/kronika-den-vackraste-sangen https:\/\/www.helahalsingland.se\/artikel\/en-sittkissares-bekannelse [&hellip;]<\/p>\n","protected":false},"author":24,"featured_media":0,"parent":0,"menu_order":0,"comment_status":"closed","ping_status":"closed","template":"","meta":{"_crdt_document":"","jetpack_post_was_ever_published":false,"footnotes":""},"class_list":["post-22035","page","type-page","status-publish","hentry"],"jetpack_sharing_enabled":true,"jetpack_likes_enabled":true,"jetpack-related-posts":[{"id":22031,"url":"https:\/\/www.akehedman.se\/wordpress\/?page_id=22031","url_meta":{"origin":22035,"position":0},"title":"Skrivet","author":"\u00c5ke Hedman","date":"2016-11-01","format":false,"excerpt":"Skrivet Att kalla det h\u00e4r b\u00f6cker \u00e4r kanske f\u00f6r pretenti\u00f6st men skrivet material \u00e4r det lika fullt. Det mesta skrivet p\u00e5 en kafferast eller under en hj\u00e4rnpaus som ett avbrott fr\u00e5n programmerandet av inb\u00e4ddade system som \u00e4r min egentliga syssla i f\u00f6retaget Grodans Paradis AB. Mycket \u00e4r h\u00e4mtat fr\u00e5n min\u2026","rel":"","context":"Similar post","block_context":{"text":"Similar post","link":""},"img":{"alt_text":"","src":"","width":0,"height":0},"classes":[]},{"id":49612,"url":"https:\/\/www.akehedman.se\/wordpress\/?page_id=49612","url_meta":{"origin":22035,"position":1},"title":"VSCP","author":"\u00c5ke Hedman","date":"2025-05-08","format":false,"excerpt":"Jag har sysslat med m\u00e5nga projekt i mitt liv. Men VSCP (Very Simple Control Protocol) \u00e4r det l\u00e4ngsta projektet. Startat h\u00f6sten 2000 och fortfarande p\u00e5g\u00e5ende. N\u00e4r detta skrivs har projektet allts\u00e5 snurrat i snart ett kvarts sekel. M\u00e5\u00e5\u00e5\u00e5\u00e5nga timmar. Jag \u00e4r maintainer av projektet sedan start. Mer om VSCP finns\u2026","rel":"","context":"Similar post","block_context":{"text":"Similar post","link":""},"img":{"alt_text":"","src":"https:\/\/i0.wp.com\/www.akehedman.se\/wordpress\/wp-content\/uploads\/2025\/05\/vscp_logo_text_box_600.png?resize=350%2C200&ssl=1","width":350,"height":200,"srcset":"https:\/\/i0.wp.com\/www.akehedman.se\/wordpress\/wp-content\/uploads\/2025\/05\/vscp_logo_text_box_600.png?resize=350%2C200&ssl=1 1x, https:\/\/i0.wp.com\/www.akehedman.se\/wordpress\/wp-content\/uploads\/2025\/05\/vscp_logo_text_box_600.png?resize=525%2C300&ssl=1 1.5x"},"classes":[]},{"id":2,"url":"https:\/\/www.akehedman.se\/wordpress\/?page_id=2","url_meta":{"origin":22035,"position":2},"title":"Om mig","author":"\u00c5ke Hedman","date":"2006-04-26","format":false,"excerpt":"Foto: Venture Cup Swedish Om du vill n\u00e5 mig finns jag h\u00e4r akhe@grodansparadis.com Jag \u00e4r bara \u00e4nnu en helt vanlig programmerare i v\u00e4rlden. D\u00e4rf\u00f6r YAP, Yet Another Programmer. Ingen m\u00e4rkv\u00e4rdigt person, inga fina titlar, trof\u00e9er eller n\u00e5got annat speciellt sp\u00e4nnande. Sorry! Leta n\u00e5gon annanstans. Jag g\u00f6r lite musik och skriver\u2026","rel":"","context":"With 3 comments","block_context":{"text":"With 3 comments","link":"https:\/\/www.akehedman.se\/wordpress\/?page_id=2#comments"},"img":{"alt_text":"6498435259_9875422fc2_m","src":"https:\/\/i0.wp.com\/www.akehedman.se\/wordpress\/wp-content\/uploads\/2006\/04\/6498435259_9875422fc2_m.jpg?resize=350%2C200","width":350,"height":200},"classes":[]},{"id":22033,"url":"https:\/\/www.akehedman.se\/wordpress\/?page_id=22033","url_meta":{"origin":22035,"position":3},"title":"Musik","author":"\u00c5ke Hedman","date":"2016-11-01","format":false,"excerpt":"Jag har gjort en hel del \"musik\". En del g\u00e5r att lyssna p\u00e5 nedan. Spotify\u00a0 - https:\/\/open.spotify.com\/artist\/1McJlk2r0wjhhl1ZOvoMygApple music - https:\/\/music.apple.com\/se\/artist\/%C3%A5ke-hedman\/1290135154 SoundCloud - https:\/\/soundcloud.com\/hedman Youtube - https:\/\/www.youtube.com\/channel\/UCj8D5149lvAfk6N-NBIaW9Q Jag uppdaterar ocks\u00e5 H\u00e4lsingetoppen varje fredag.","rel":"","context":"Similar post","block_context":{"text":"Similar post","link":""},"img":{"alt_text":"","src":"","width":0,"height":0},"classes":[]}],"jetpack_shortlink":"https:\/\/wp.me\/P68PL2-5Jp","_links":{"self":[{"href":"https:\/\/www.akehedman.se\/wordpress\/index.php?rest_route=\/wp\/v2\/pages\/22035","targetHints":{"allow":["GET"]}}],"collection":[{"href":"https:\/\/www.akehedman.se\/wordpress\/index.php?rest_route=\/wp\/v2\/pages"}],"about":[{"href":"https:\/\/www.akehedman.se\/wordpress\/index.php?rest_route=\/wp\/v2\/types\/page"}],"author":[{"embeddable":true,"href":"https:\/\/www.akehedman.se\/wordpress\/index.php?rest_route=\/wp\/v2\/users\/24"}],"replies":[{"embeddable":true,"href":"https:\/\/www.akehedman.se\/wordpress\/index.php?rest_route=%2Fwp%2Fv2%2Fcomments&post=22035"}],"version-history":[{"count":14,"href":"https:\/\/www.akehedman.se\/wordpress\/index.php?rest_route=\/wp\/v2\/pages\/22035\/revisions"}],"predecessor-version":[{"id":50658,"href":"https:\/\/www.akehedman.se\/wordpress\/index.php?rest_route=\/wp\/v2\/pages\/22035\/revisions\/50658"}],"wp:attachment":[{"href":"https:\/\/www.akehedman.se\/wordpress\/index.php?rest_route=%2Fwp%2Fv2%2Fmedia&parent=22035"}],"curies":[{"name":"wp","href":"https:\/\/api.w.org\/{rel}","templated":true}]}}